what is 0 - -213122032?
213122032
In base 6, what is -1 - -2110101?
2110100
In base 12, what is -7 + -208?
-213
In base 10, what is -3390 - 14?
-3404
In base 8, what is -5 - -6027?
6022
In base 13, what is -2c6c0 - 1?
-2c6c1
In base 4, what is 12 - -122332?
123010
In base 15, what is -4a - -33a?
2e0
In base 11, what is 16 + -1136?
-1120
In base 5, what is 22302442 - -2?
22302444
In base 16, what is 194f - 50?
18ff
In base 2, what is -1110111011011010000 - 0?
-1110111011011010000
In base 8, what is -3 + 716670?
716665
In base 13, what is 77b - -14?
792
In base 9, what is -503 - -3241?
2637
In base 15, what is -7 - -2e?
27
In base 13, what is -598 - -28?
-570
In base 11, what is -25 + 7993?
7969
In base 16, what is 26a + -8?
262
In base 9, what is 2 + -40552?
-40550
In base 12, what is b3 - 709?
-616
In base 10, what is -2 + -202298?
-202300
In base 5, what is -234 - -100410?
100121
In base 12, what is 32 - -14b26?
14b58
In base 11, what is -5734 - -3?
-5731
In base 8, what is 2 - 31215?
-31213
In base 10, what is 11 - -58?
69
In base 11, what is -7098 - -361?
-6837
In base 7, what is -3 + 421200?
421164
In base 8, what is 232647 + 1?
232650
In base 5, what is 10 + 10111040?
10111100
In base 10, what is -2 - 3193?
-3195
In base 16, what is -32 + -1f5f?
-1f91
In base 9, what is -303786 + 3?
-303783
In base 4, what is -133320 - -10220?
-123100
In base 13, what is 3 + -78b26?
-78b23
In base 4, what is 101323100 - 2?
101323032
In base 14, what is 5 - -3b99bd?
3b99c4
In base 3, what is 1 + -1102210022?
-1102210021
In base 6, what is -11 - -213450?
213435
In base 16, what is 14 - 50d?
-4f9
In base 4, what is 322 - -2012100?
2013022
In base 5, what is 110 - -1440022?
1440132
In base 6, what is -10 + -155122?
-155132
In base 4, what is 0 + 12113330?
12113330
In base 15, what is -3b4d7 + -3?
-3b4da
In base 4, what is -122100 + -20?
-122120
In base 10, what is -11986 - -5?
-11981
In base 7, what is 50 + 651352?
651432
In base 9, what is -12 + -2366?
-2378
In base 8, what is 2 - 474346?
-474344
In base 6, what is 1233 + -311?
522
In base 9, what is -4 + -34531?
-34535
In base 12, what is 2aa - -48b?
779
In base 10, what is -89073 + -24?
-89097
In base 7, what is 22421222 - 1?
22421221
In base 4, what is 321203 + 321?
322130
In base 16, what is 5 - 53d4?
-53cf
In base 4, what is -21330 - 33131?
-121121
In base 4, what is -1122021 + -122?
-1122203
In base 10, what is -8 + 122702?
122694
In base 13, what is -6 + 441?
438
In base 15, what is b + a9e?
aaa
In base 2, what is -1011001110110010111010 - 100?
-1011001110110010111110
In base 5, what is -11423 - -1202?
-10221
In base 12, what is -5 - 1a612?
-1a617
In base 4, what is 33120 - 10100?
23020
In base 11, what is 964 - -999?
1852
In base 6, what is 113304 - 443?
112421
In base 11, what is 22 - 2892?
-2870
In base 2, what is -110111100100 + -101?
-110111101001
In base 6, what is 23214 - -51?
23305
In base 15, what is 2 - -6856?
6858
In base 7, what is 65410 - 1?
65406
In base 7, what is 1 + 41422?
41423
In base 12, what is 148 + 221?
369
In base 2, what is 111010011 + 110000?
1000000011
In base 15, what is -5 - -16eb76?
16eb71
In base 7, what is 123423 + 60?
123513
In base 9, what is 3338 + -24?
3314
In base 13, what is -5a8 - 697?
-c72
In base 7, what is -10202 + 0?
-10202
In base 2, what is 1 - -11100110001010?
11100110001011
In base 16, what is 5 + da72?
da77
In base 15, what is 3 - 2ee80?
-2ee7c
In base 4, what is -200200313 + -12?
-200200331
In base 14, what is 7 + 1cc45?
1cc4c
In base 12, what is -4056 + 8?
-404a
In base 7, what is 2 - -433024?
433026
In base 8, what is -4566 + -25?
-4613
In base 9, what is -334 + 5308?
4864
In base 9, what is -138 + 777?
638
In base 10, what is -13239 - 0?
-13239
In base 14, what is -782c8 + -4?
-782cc
In base 4, what is -20121013 - -1?
-20121012
In base 13, what is 2 + 1507?
1509
In base 7, what is -20344 + 4052?
-13262
In base 12, what is 1 - 30765?
-30764
In base 12, what is -4 + 17155b?
171557
In base 4, what is 13320 + 2012212?
2032132
In base 11, what is 1409 - -1?
140a
In base 10, what is 10 + -39276?
-39266
In base 15, what is -4679 + -18?
-4692
In base 14, what is -25ca - 354?
-2940
In base 2, what is -100 + 10100001010110010?
10100001010101110
In base 15, what is 10d08 - -12?
10d1a
In base 2, what is 1111110001 - -111110?
10000101111
In base 2, what is 10001100010 - -1010110?
10010111000
In base 9, what is 275788 + 6?
275805
In base 16, what is 0 - -1273d?
1273d
In base 6, what is 32 - 10534?
-10502
In base 10, what is 236 + 26?
262
In base 15, what is -34 - -15d?
129
In base 2, what is 10 + 100010000110010?
100010000110100
In base 16, what is dd2e46 + 2?
dd2e48
In base 5, what is -21 - 1213044?
-1213120
In base 4, what is -33 - -11333232?
11333133
In base 4, what is -11010021 + 1?
-11010020
In base 3, what is 1111210121 + 0?
1111210121
In base 7, what is -1562104 + 2?
-1562102
In base 13, what is 8083 + -3?
8080
In base 6, what is -134 + 13004?
12430
In base 8, what is -335 + 2116?
1561
In base 5, what is 3010443 - -112?
3011110
In base 13, what is -36426a + 1?
-364269
In base 15, what is 16 - 877b?
-8765
In base 3, what is 1001120020 + 1?
1001120021
In base 7, what is -1131 - 152?
-1313
In base 12, what is -4b - -1011?
b82
In base 7, what is -16124 + 20?
-16104
In base 8, what is 1007 + 276?
1305
In base 9, what is -1 - -44847?
44846
In base 12, what is -5 - -10488?
10483
In base 12, what is 86 - -34a?
414
In base 4, what is 23210133212 + 0?
23210133212
In base 5, what is -22243 + -1203?
-24001
In base 4, what is -300 + -3300121?
-3301021
In base 5, what is -1241231 + 2?
-1241224
In base 13, what is 19 + -285?
-269
In base 3, what is 1 + 220200221220?
220200221221
In base 6, what is 20 - -14131?
14151
In base 11, what is 1713 + -222?
14a1
In base 13, what is -5a37 - 8?
-5a42
In base 5, what is -11 + 30404?
30343
In base 16, what is -5 + 3291?
328c
In base 12, what is 2 - 1aa6?
-1aa4
In base 3, what is -2 + -22101002?
-22101011
In base 2, what is 101111 + -1010110110011?
-1010110000100
In base 10, what is 45225 + 16?
45241
In base 3, what is -111 - -20120101?
20112220
In base 4, what is -111 - 121232?
-122003
In base 14, what is -4 - -1167?
1163
In base 11, what is -2 + -20a196?
-20a198
In base 14, what is 13 + -12c24?
-12c11
In base 4, what is -1001 + 12121?
11120
In base 7, what is -24 - 534663?
-535020
In base 11, what is -5 + -4118a7?
-411901
In base 14, what is -1182 - -43?
-113d
In base 3, what is -10 - -1020102222?
1020102212
In base 12, what is 1a1a - -31?
1a4b
In base 16, what is 5 + 7abf1?
7abf6
In base 3, what is 11210220122 - -100?
11210220222
In base 12, what is 3 + -1422?
-141b
In base 14, what is 2 + 17878?
1787a
In base 13, what is 9 + -156a5?
-15699
In base 14, what is 44d + -22?
42b
In base 9, what is 0 + 51277?
51277
In base 9, what is 1207 + 2835?
4143
In base 13, what is -841a6 + -12?
-841b8
In base 11, what is 775497 + 1?
775498
In base 14, what is 4a + -1a0?
-154
In base 13, what is 2 + 568c?
5691
In base 3, what is -11012222 + 122?
-11012100
In base 11, what is -1198 + 4a?
-1149
In base 15, what is -7692 - 0?
-7692
In base 3, what is 21 + 1202121?
1202212
In base 7, what is 4 + -43260?
-43253
In base 9, what is -426614 + 27?
-426576
In base 10, what is 128 + 434?
562
In base 13, what is a637 - 3?
a634
In base 8, what is -7227223 + -2?
-7227225
In base 6, what is 2312 - -5?
2321
In base 10, what is 1350 + -11?
1339
In base 5, what is -12 + -411432?
-411444
In base 5, what is 11210 - -1130?
12340
In base 14, what is -a6dd - 3?
-a702
In base 2, what is 10 + -110101011101?
-110101011011
In base 9, what is 8 + 55?
64
In base 3, what is -112010 + -111121?
-1000201
In base 4, what is -1011031 - -231?
-1010200
In base 11, what is -4 - -54086?
54082
In base 8, what is -5 - -52734?
52727
In base 7, what is -2 - 1621664?
-1621666
In base 11, what is 24784a + -5?
247845
In base 14, what is 26240 - 1?
2623d
In base 11, what is 10360 + -6?
10355
In base 11, what is -1287 - 0?
-1287
In base 15, what is 13 + -171?
-15d
In base 7, what is 2 - 1633536?
-1633534
In base 10, what is -912273 + 1?
-912272
In base 10, what is 11 - 31765?
-31754
In base 15, what is -170e4 + -1?
-170e5
In base 10, what is -242 + 66?
-176
In base 2, what is 101 - 11010100